{"id":3,"date":"2025-11-27T12:27:15","date_gmt":"2025-11-27T12:27:15","guid":{"rendered":"https:\/\/gemeis.vumgreis.lu\/?page_id=3"},"modified":"2025-11-27T17:16:27","modified_gmt":"2025-11-27T17:16:27","slug":"privacy-policy","status":"publish","type":"page","link":"https:\/\/vumgreis.lu\/?page_id=3","title":{"rendered":"Aspects l\u00e9gaux www.vumgreis.lu"},"content":{"rendered":"\n<p>Ce site web est \u00e9dit\u00e9 par Vum Gr\u00e9is, sous la responsabilit\u00e9 de Yves Diederich. Pour toute question concernant ce site web ou son contenu, n\u2019h\u00e9sitez pas \u00e0 nous contacter \u00e0 l\u2019adresse Internet suivante : gemeis@vumgreis.lu. Les composants graphiques et logiciels de ce site web sont g\u00e9r\u00e9s via l\u2019outil de gestion de contenus WordPress, h\u00e9berg\u00e9 chez root.lu. Le design et les contenus sont adapt\u00e9s et g\u00e9r\u00e9s par Lugdivine Unfer.<\/p>\n\n\n\n<h5 class=\"wp-block-heading\">RESPONSABILIT\u00c9<\/h5>\n\n\n\n<p>Sur ce site web, Vum Gr\u00e9is pr\u00e9sente ses activit\u00e9s et projets. L\u2019objectif est de donner des informations \u00e0 jour et aussi pr\u00e9cises que possible.<\/p>\n\n\n\n<ul class=\"wp-block-list\">\n<li>Vum Gr\u00e9is d\u00e9cline toute responsabilit\u00e9 quant \u00e0 l\u2019utilisation des informations publi\u00e9es sur ce site web. Son contenu est fourni \u00e0 titre indicatif. Il peut ne pas \u00eatre enti\u00e8rement complet, exhaustif ou mis \u00e0 jour.<\/li>\n\n\n\n<li>Ce site Web fournit des liens vers des sites qui ne sont pas sous le contr\u00f4le de Vum Gr\u00e9is. Par cons\u00e9quent, Vum Gr\u00e9is d\u00e9cline toute responsabilit\u00e9 quant \u00e0 leurs contenus.<\/li>\n\n\n\n<li>Vum Gr\u00e9is d\u00e9cline toute responsabilit\u00e9 pour tout dommage qui pourrait survenir sur votre installation informatique lors de l\u2019utilisation de ce site Internet.<\/li>\n\n\n\n<li>Vum Gr\u00e9is d\u00e9cline toute responsabilit\u00e9 en cas d\u2019interruption de service de ce site Web, qu\u2019elle soit temporaire ou permanente.<\/li>\n\n\n\n<li>La pr\u00e9sente section sur la responsabilit\u00e9 n\u2019a pas pour but de limiter les exigences \u00e9nonc\u00e9es dans la loi applicable ou d\u2019exclure la responsabilit\u00e9 de Vum Gr\u00e9is pour les questions qui ne peuvent pas \u00eatre exclues en vertu de la loi applicable<\/li>\n<\/ul>\n\n\n\n<h5 class=\"wp-block-heading\">LOI APPLICABLE ET JURIDICTION<\/h5>\n\n\n\n<p>Tout litige li\u00e9 \u00e0 l\u2019utilisation de ce site web sera soumis au droit luxembourgeois et appartient aux juridictions luxembourgeoises exclusives.<\/p>\n\n\n\n<h5 class=\"wp-block-heading\">COOKIES<\/h5>\n\n\n\n<p>Ce site web utilise des cookies. Nous utilisons des cookies pour personnaliser le contenu, pour fournir des fonctionnalit\u00e9s de m\u00e9dias sociaux et pour analyser notre trafic. Nous partageons \u00e9galement des informations sur votre utilisation de notre site avec nos partenaires de m\u00e9dias sociaux, de publicit\u00e9 et d\u2019analyse qui peuvent les combiner avec d\u2019autres informations que vous leur avez fournies ou qu\u2019ils ont collect\u00e9es lors de votre utilisation de leurs services.<\/p>\n\n\n\n<h5 class=\"wp-block-heading\">CR\u00c9DITS<\/h5>\n\n\n\n<p>Copyright \u00a9 Vum Gr\u00e9is<\/p>\n\n\n\n<p><a href=\"http:\/\/gemeis.vumgreis.lu\">Back to HOME PAGE<\/a><\/p>\n","protected":false},"excerpt":{"rendered":"<p>Ce site web est \u00e9dit\u00e9 par Vum Gr\u00e9is, sous la responsabilit\u00e9 de Yves Diederich. Pour toute question concernant ce site web ou son contenu, n\u2019h\u00e9sitez pas \u00e0 nous contacter \u00e0 l\u2019adresse Internet suivante : gemeis@vumgreis.lu. Les composants graphiques et logiciels de ce site web sont g\u00e9r\u00e9s via l\u2019outil de gestion de contenus WordPress, h\u00e9berg\u00e9 chez [&hellip;]<\/p>\n","protected":false},"author":1,"featured_media":0,"parent":0,"menu_order":0,"comment_status":"closed","ping_status":"closed","template":"","meta":{"footnotes":""},"class_list":["post-3","page","type-page","status-publish","hentry"],"jetpack_sharing_enabled":true,"_links":{"self":[{"href":"https:\/\/vumgreis.lu\/index.php?rest_route=\/wp\/v2\/pages\/3","targetHints":{"allow":["GET"]}}],"collection":[{"href":"https:\/\/vumgreis.lu\/index.php?rest_route=\/wp\/v2\/pages"}],"about":[{"href":"https:\/\/vumgreis.lu\/index.php?rest_route=\/wp\/v2\/types\/page"}],"author":[{"embeddable":true,"href":"https:\/\/vumgreis.lu\/index.php?rest_route=\/wp\/v2\/users\/1"}],"replies":[{"embeddable":true,"href":"https:\/\/vumgreis.lu\/index.php?rest_route=%2Fwp%2Fv2%2Fcomments&post=3"}],"version-history":[{"count":5,"href":"https:\/\/vumgreis.lu\/index.php?rest_route=\/wp\/v2\/pages\/3\/revisions"}],"predecessor-version":[{"id":56,"href":"https:\/\/vumgreis.lu\/index.php?rest_route=\/wp\/v2\/pages\/3\/revisions\/56"}],"wp:attachment":[{"href":"https:\/\/vumgreis.lu\/index.php?rest_route=%2Fwp%2Fv2%2Fmedia&parent=3"}],"curies":[{"name":"wp","href":"https:\/\/api.w.org\/{rel}","templated":true}]}}

Aspects légaux www.vumgreis.lu

<p>Ce site web est édité par Vum Gréis, sous la responsabilité de Yves Diederich. Pour toute question concernant ce site web ou son contenu, n’hésitez pas à nous contacter à l’adresse Internet suivante : gemeis@vumgreis.lu. Les composants graphiques et logiciels de ce site web sont gérés via l’outil de gestion de contenus WordPress, hébergé chez root.lu. Le design et les contenus sont adaptés et gérés par Lugdivine Unfer.</p>



<h5 class="wp-block-heading">RESPONSABILITÉ</h5>



<p>Sur ce site web, Vum Gréis présente ses activités et projets. L’objectif est de donner des informations à jour et aussi précises que possible.</p>



<ul class="wp-block-list">
<li>Vum Gréis décline toute responsabilité quant à l’utilisation des informations publiées sur ce site web. Son contenu est fourni à titre indicatif. Il peut ne pas être entièrement complet, exhaustif ou mis à jour.</li>



<li>Ce site Web fournit des liens vers des sites qui ne sont pas sous le contrôle de Vum Gréis. Par conséquent, Vum Gréis décline toute responsabilité quant à leurs contenus.</li>



<li>Vum Gréis décline toute responsabilité pour tout dommage qui pourrait survenir sur votre installation informatique lors de l’utilisation de ce site Internet.</li>



<li>Vum Gréis décline toute responsabilité en cas d’interruption de service de ce site Web, qu’elle soit temporaire ou permanente.</li>



<li>La présente section sur la responsabilité n’a pas pour but de limiter les exigences énoncées dans la loi applicable ou d’exclure la responsabilité de Vum Gréis pour les questions qui ne peuvent pas être exclues en vertu de la loi applicable</li>
</ul>



<h5 class="wp-block-heading">LOI APPLICABLE ET JURIDICTION</h5>



<p>Tout litige lié à l’utilisation de ce site web sera soumis au droit luxembourgeois et appartient aux juridictions luxembourgeoises exclusives.</p>



<h5 class="wp-block-heading">COOKIES</h5>



<p>Ce site web utilise des cookies. Nous utilisons des cookies pour personnaliser le contenu, pour fournir des fonctionnalités de médias sociaux et pour analyser notre trafic. Nous partageons également des informations sur votre utilisation de notre site avec nos partenaires de médias sociaux, de publicité et d’analyse qui peuvent les combiner avec d’autres informations que vous leur avez fournies ou qu’ils ont collectées lors de votre utilisation de leurs services.</p>



<h5 class="wp-block-heading">CRÉDITS</h5>



<p>Copyright © Vum Gréis</p>



<p><a href="http://gemeis.vumgreis.lu">Back to HOME PAGE</a></p>

<p>Ce site web est édité par Vum Gréis, sous la responsabilité de Yves Diederich. Pour toute question concernant ce site web ou son contenu, n’hésitez pas à nous contacter à l’adresse Internet suivante : gemeis@vumgreis.lu. Les composants graphiques et logiciels de ce site web sont gérés via l’outil de gestion de contenus WordPress, hébergé chez [&hellip;]</p>
